late the remainder when u is divided by 10.
8
Suppose 3*o + 33 = 2*r, -r + o - 5*o = 0. Suppose 0 = 3*d - 2*d + 4*k - 6, 2*k + 8 = 0. Calculate the remainder when d is divided by r.
10
Suppose -4*o = -0*o + 4*l - 316, -158 = -2*o + l. Calculate the remainder when o is divided by 20.
19
Suppose 0*b = -4*b + 12. Calculate the remainder when 26 is divided by -1 + b - (-14 - -2).
12
Let v(l) = -2*l - 4. Suppose -4*b + 92 = -4*g, -2*g = 5*b + g - 107. Calculate the remainder when b is divided by v(-6).
6
Suppose -3*o + 7 - 1 = 0. Let t be (-2)/5 + (-34)/(-10). Let s = -1 + t. What is the remainder when o is divided by s?
0
Let o(d) = 5*d**2 + 7*d + 13. Let r(a) = -6*a**2 - 7*a - 14. Let q(b) = 4*o(b) + 3*r(b). What is the remainder when 27 is divided by q(-4)?
13
Suppose 27 = 5*j - 78. Suppose 0*n + 30 = 5*n - 4*y, -4*n + 24 = y. What is the remainder when j is divided by n?
3
Let t(f) = -f + 4. Let b be t(0). Suppose 45 + 12 = -v. What is the remainder when 55 is divided by (v/(-12))/(1/b)?
17
Let w(t) = 5*t**2 + 3*t + 3. Let l = -9 + 7. What is the remainder when 48 is divided by w(l)?
14
Calculate the remainder when 133 is divided by (-317)/(-7) - 3*(-12)/(-126).
43
Let g(p) = p**3 + p**2 + p - 14. Let b be g(0). Let d = -7 - b. Let v = 9 - 6. Calculate the remainder when d is divided by v.
1
Let s(t) = t**3 - 4*t**2 - 5*t + 3. Let j be s(5). Let f = 2 + 8. Calculate the remainder when (-2)/j + (-581)/(-21) is divided by f.
7
Let x = -13 - -18. Calculate the remainder when 7 is divided by x.
2
Let n(v) = 2*v**3 - 5*v**2 - 3*v - 6. Let k be n(5). Calculate the remainder when k/10 + 2/(-5) is divided by 6.
4
Suppose 88 = 4*d + 4*j, 2*d + 130 = 7*d + j. Suppose 4*s + 36 = -6*o + o, -3*o + 2*s - 26 = 0. Let z = d + o. What is the remainder when z is divided by 10?
9
Let j(m) = m**2 + 3. Let p be j(-6). Suppose -3*c = 5*w - 117, -3*c + 4*c - p = -4*w. What is the remainder when c is divided by 14?
11
What is the remainder when (-7)/(-21) + 50/3 is divided by 6?
5
Let s(j) = -1 - j + 2 - 3*j + 2*j**2. What is the remainder when s(4) is divided by (-4)/(12/(-27)) + -3?
5
Suppose -10 - 98 = -4*o - 4*r, 0 = 5*r. What is the remainder when 161 is divided by o?
26
Let n be 0/((-2 - 1) + 2). Suppose n*d = -3*d + 6. Suppose -5*y + 80 = 4*o - 0*o, d*y = 8. Calculate the remainder when o is divided by 8.
7
Suppose 0 = -5*h + 2 + 8. Calculate the remainder when 16 is divided by 34/4 + h/4.
7
Suppose 5*g - 2 = -7. What is the remainder when 1/(g/(-61) + 0) is divided by 21?
19
Let y(f) = -1. Let j(s) = -s**2 - 3*s + 1. Let w(n) = j(n) - 3*y(n). Let a be w(-5). What is the remainder when 13 is divided by 4/a*-3 + 5?
6
Let v = -7 + 18. Let k = 0 + 3. Calculate the remainder when v is divided by k.
2
Let t = -14 + 31. Suppose -4*y + y = -96. Calculate the remainder when y is divided by t.
15
Let h = -44 + 76. What is the remainder when h is divided by 17?
15
Suppose 3 = l + 1. Let m(b) = l*b + b**3 + 2 - 2*b - b + 6*b**2. What is the remainder when m(-5) is divided by 17?
15
Let s = -3 - -5. Suppose -s*i = -7*i + 25. What is the remainder when 8 is divided by i?
3
Suppose 2*d + 4 = q, -d + 25 = -6*d. Calculate the remainder when 4*((-21)/q + 2) is divided by 6.
4
Let l(r) = r**3 + 7*r**2 - 11*r - 7. Let t = -7 + 0. What is the remainder when l(t) is divided by 18?
16
Suppose -4*i = -3*s - 50, -2*i + 6*i - 4*s = 52. What is the remainder when 30 is divided by i?
8
Let d = 3 - -21. Let j = -4 + d. Calculate the remainder when 59 is divided by j.
19
Let q(k) = -32*k**3 - 2*k**2 - 2*k - 1. Suppose n = -n + 8. Suppose -5*d + d - n = 0. Calculate the remainder when q(d) is divided by 11.
9
Let d(x) = x - 2*x - x + 3*x + 12. Calculate the remainder when d(-7) is divided by 3.
2
Suppose 41 = 4*g + 3*n, 6*n = -2*g + 3*n + 25. Let i = -1 + 4. Calculate the remainder when g is divided by i.
2
Let l(q) be the first derivative of q**4/2 - 2*q**3/3 - q**2/2 - 4*q - 4. Calculate the remainder when l(3) is divided by 11.
7
Suppose 4*j - 5*t - 79 = -34, 0 = 4*j - 3*t - 35. Suppose 0*y + 2*y - 94 = 0. Suppose j*u - 23 - y = 0. Calculate the remainder when u is divided by 5.
4
Let o(w) = 3*w - 9. Suppose -80 - 40 = -5*x. Calculate the remainder when x is divided by o(6).
6
Suppose y + 4*r - 13 = 2*y, 3*y = -4*r + 25. Suppose -5*a + 2*c = -c - 37, 4*c = y*a - 20. Calculate the remainder when a is divided by 5.
3
Let c = -24 + 27. Let d = -1 - -10. Calculate the remainder when d is divided by c.
0
Let u(t) = t**3 - 6*t**2 + 4*t + 1. Let j be u(7). Suppose j = 4*n - n. What is the remainder when n is divided by 9?
8
Suppose 4*n - 35 = -o, 2*n + 40 = 3*o + n. Suppose -b - 6 = -5*c, -6*c + 2*c = -12. Suppose -4*a = -o - b. What is the remainder when 17 is divided by a?
5
Suppose -5*m = -5*f + 85, -4*m = 2*f + m + 1. What is the remainder when 1 - -48 - 4/2 is divided by f?
11
Suppose 3*z + 3*b - b = 0, z - 3*b = 0. Suppose 4*v + 4*g - 172 = z, -v - 2*g + 125 = 2*v. What is the remainder when v is divided by 14?
11
Let y be (2 + -14)*4/8. Let r = 10 + y. Suppose -5*a = r*i - 79, -13 - 3 = 4*i. What is the remainder when 37 is divided by a?
18
Suppose 230 = 3*y - 13. Calculate the remainder when y is divided by 21.
18
Let h(i) = i**3 - 27*i**2 + 2*i - 39. What is the remainder when 54 is divided by h(27)?
9
Let c = 24 - 23. What is the remainder when 1 is divided by c?
0
Suppose 1 = -3*u + 7. Suppose 0 = z - 4*z + u*s + 41, 2*s = 2*z - 24. What is the remainder when 33 is divided by z?
16
Suppose -4*s + 3*s + 15 = 5*b, -4*s + 37 = -3*b. Let w = -27 - -46. Calculate the remainder when w is divided by s.
9
Suppose -v + 184 = 3*v. Suppose i = 3, o - 3*i - i = 0. What is the remainder when v is divided by o?
10
Let p(v) = v + 2. Calculate the remainder when p(6) is divided by 2.
0
Suppose 0 = a - 4*a - 15. Let o = 0 - a. Calculate the remainder when 9 is divided by o.
4
Let p(h) = h**3 - 9*h**2 + 23*h - 42. Calculate the remainder when 102 is divided by p(7).
18
Let t be 222/4 + (-2)/(-4). Let b = t + -39. Let l(d) = 7*d**2 - 4*d - 1. What is the remainder when l(3) is divided by b?
16
Calculate the remainder when 45 is divided by 4/(-32) + (-386)/(-16).
21
Let q = 0 - -7. Calculate the remainder when 25 is divided by 1*q - (-4 + 2).
7
What is the remainder when -183*(-1 - (-3 + 3)) is divided by 23?
22
Let x = 47 - 26. What is the remainder when 63 - (-1 - 3*-1) is divided by x?
19
Calculate the remainder when 31 - (-5 - -3) - -3 is divided by 19.
17
Suppose -22 = -o - 2*y, o - y - 55 = -4*o. Calculate the remainder when (-41 - 6)/(0 + -1) + -1 is divided by o.
10
Suppose -5*t - 5*v - 63 = -553, 0 = 4*t + 3*v - 388. Suppose -28 = -2*f - 4*j, 3*j + 62 = 4*f - 49. Calculate the remainder when t is divided by f.
22
Let x(n) = n**2 - n - 3. Let y be (3*2)/((-2)/(-4)). Let o = -6 + y. Calculate the remainder when x(-4) is divided by o.
5
Let f(u) = -u**3 + 6*u**2 - u + 1. Calculate the remainder when f(5) is divided by 8.
5
Let t(l) = 6*l**2 - 3*l - 1. Let d be t(-3). Suppose 5*x + 4*u = d, 4*u - 15 + 3 = 0. Let k = x + 3. What is the remainder when 25 is divided by k?
12
Let a be (-4)/(-18) - 2/9. Let f = a - 0. Suppose 2*b = -f + 28. Calculate the remainder when b is divided by 8.
6
Suppose -57 = -5*o + 148. Let w = -28 + o. Let t(u) = 3*u**2 - 3*u + 1. What is the remainder when t(4) is divided by w?
11
Let s(z) = 6*z**3 + 3*z**2 + z + 4. Let v(c) = -c**3 - 1. Let k(a) = -s(a) - 5*v(a). Calculate the remainder when k(-3) is divided by 2.
0
Suppose 3*j - 12 = -0*j. Suppose -t + 90 = j*t. What is the remainder when 53 is divided by t?
17
Suppose 3*z = 2*z + 12. Suppose g + x - 1 = 0, 3*g = -g + 4*x + 20. Suppose 9 = g*o, -5*o + 13 = 2*r - 16. Calculate the remainder when z is divided by r.
5
Let l(h) = 4*h**2 + 4. Let u(q) = q**2 - q. Let c(n) = l(n) - 3*u(n). Calculate the remainder when 2*1 + 0 + 24 is divided by c(-5).
12
Suppose 0 = -5*x - 5*d + d - 11, -5*x + 5*d = -25. Suppose 0 = -3*c - t + x, -5*t = -4*c - c + 15. Let y = -6 + 7. What is the remainder when c is divided by y?
0
Suppose 5*z - 75 = 70. Let x = -15 + z. Calculate the remainder when 9/((-18)/(-8)) - -23 is divided by x.
13
Suppose b - 6*q + q = -17, 3*b - 5*q + 1 = 0. Let m = -12 + 35. Calculate the remainder when m is div